(g) is divided by l?
3
Suppose 3*w - 2*w = 36. Suppose 0 = -4*v - v, 2*k = -5*v + w. Calculate the remainder when 33 is divided by k.
15
Let f(i) = -6*i - i**2 + 8 + 0*i**2 + 2*i**2. Suppose 3*y + 152 = 5*c, 66 + 25 = 3*c - 2*y. What is the remainder when c is divided by f(6)?
7
Let r(p) = p**3 - 4*p**2 - 3*p - 7. Let l be r(5). Suppose l*w - 6 = -3*j - 0*w, 3*j - 4*w = 6. What is the remainder when j is divided by (-4)/6*6/(-4)?
0
Suppose -3 = -4*n + 3*n. Suppose 0 = -2*y - n*y + 15. Calculate the remainder when 11 is divided by y.
2
Let f = -2 + 5. Let i be 10 + 0*1/2. Suppose -5 - 7 = -4*x - 2*o, -2*x - f*o = -i. Calculate the remainder when x is divided by 2.
0
What is the remainder when (-3)/6 - 23/(-2) is divided by (2 - -3) + 1/(-1)?
3
Let d = 82 + -54. Calculate the remainder when 54 is divided by d.
26
Let a be (-8)/12 + (-128)/(-12). Suppose 3*k = m + 7 + 27, m = -k + a. Calculate the remainder when 31 is divided by k.
9
Let c(m) = m**2 + m + 9. Calculate the remainder when c(0) is divided by 5.
4
Suppose -5*i - 14 = 4*j, 3*i + 3*j = -5 - 4. Let y = 9 - i. Calculate the remainder when 53 is divided by y.
9
Let n(l) = -l**3 - 14*l**2 - 12*l + 19. What is the remainder when n(-13) is divided by 1?
0
Suppose -3*m = -17 - 40. Suppose -6*f + 35 = -f. Calculate the remainder when m is divided by f.
5
Suppose 4*d = -3*a + a + 4, 5*d - 2*a = -4. Suppose d = -c + 2*c - 28. Calculate the remainder when c is divided by 10.
8
Let p(a) = 2*a**2 + a + 2. Let s be 2 - -3*1*1. Let h = s + -7. What is the remainder when p(h) is divided by 5?
3
Suppose 3*y = 5 + 10. Suppose 3 = y*k - 22. Let b = 8 + k. What is the remainder when b is divided by 5?
3
Suppose 24 = 3*u + 2*u - 3*z, -12 = -3*u + z. Suppose 4*x - 77 = -u*c - 27, -5*c - x + 55 = 0. Calculate the remainder when c is divided by 4.
2
Suppose 0*y = y - 3*a - 13, 4*y + 5*a = 18. What is the remainder when 27 is divided by y?
6
Let k = 5 - 5. Suppose -5*p - 2*s + 67 + 72 = k, -3*s - 125 = -4*p. Calculate the remainder when p is divided by 11.
7
Calculate the remainder when (-214)/(-6) - 8/(-6) is divided by 13.
11
Suppose -w + 46 = p, -4*w = -2*p + w + 78. Suppose -114 = 4*u + 58. Let q = -28 - u. What is the remainder when p is divided by q?
14
Let q(x) = 7*x - 4. Calculate the remainder when 81*3/36*4 is divided by q(2).
7
Let n = 18 + -11. Let o = 10 - n. Calculate the remainder when 11 is divided by o.
2
Calculate the remainder when (-1)/(575/145 + -4) is divided by 18.
11
Suppose -2*x = -3*n - 6, -4*x + 5*n = x - 15. Calculate the remainder when 11 is divided by x.
2
Suppose -6*q = -8*q + 88. Suppose -3*j + q = j. What is the remainder when 30 is divided by j?
8
Suppose -49 = -3*r + 5. Let j(g) = -g**3 - 7*g**2 - g + 3. Calculate the remainder when r is divided by j(-7).
8
Suppose 0 = -o + 6*o - 110. What is the remainder when 87 is divided by o?
21
Suppose 10 = i - 21. Calculate the remainder when i is divided by 9.
4
Let z(n) = n**3 - 5*n**2 + n + 4. Calculate the remainder when 23 is divided by z(5).
5
Let o(l) = 2*l - 9. Let g be o(6). Suppose -2*a + a = -g. Suppose m - 3 = a. Calculate the remainder when 10 is divided by m.
4
Suppose 0 = -0*o - 2*o - 10. Let w = -2 - o. Calculate the remainder when 5 is divided by w.
2
Suppose -3*m + 78 = -0. Let j(f) be the second derivative of -f**3/6 + 7*f**2 + 2*f. Calculate the remainder when m is divided by j(0).
12
Let b be 1/(3 + (-10)/4). Suppose 2*c = -b*c + 8. Calculate the remainder when (0 + 2)/(-2)*-6 is divided by c.
0
Suppose -4*n + 30 = -7*n + 4*h, n = 2*h - 12. Calculate the remainder when (5 - n)*1/1 is divided by 4.
3
Let r(a) = a + 3. Let k(l) = l. Let b be k(0). Calculate the remainder when 10 is divided by r(b).
1
Suppose 20 = 2*z + 4. Let w = -4 + z. Calculate the remainder when 5 is divided by w.
1
Let p be 24/14 - (-6)/21. Suppose -j + 23 = 2. Let c = j + p. Calculate the remainder when c is divided by 12.
11
Suppose -2*p + p = 10. Let x = 25 + p. Let a(g) = 8*g - 4. What is the remainder when a(4) is divided by x?
13
Suppose 3*c - 4*p - 87 = 0, 4*c + 5*p - 43 - 42 = 0. Let r = c - 13. Calculate the remainder when 34 is divided by r.
10
Let m(q) = -q**2 + 12*q. Calculate the remainder when m(7) is divided by 12.
11
Suppose 0 = 6*m - 2*m + 16. Let x = 42 + m. Suppose g - 5*i + 50 = 4*g, 0 = 5*g - 3*i - x. Calculate the remainder when g is divided by 4.
2
What is the remainder when (4 + (-50)/(-4))*2 is divided by 7?
5
Let c = 27 - 21. What is the remainder when c is divided by 2?
0
Let x(r) = r**2 - 4*r - 3. Let g be x(5). Suppose -5*o - 128 = -4*c, 2*c - 4*c = o - 64. What is the remainder when c is divided by 17/2*1*g?
15
Let h(u) = -20*u - 5. Let t be h(-2). Suppose -o = 6*o - t. Suppose -4*a - a + 10 = 0. What is the remainder when o is divided by a?
1
Let p = 53 + -7. Let j = 109 - p. What is the remainder when j is divided by 22?
19
Let h = -2 + 5. Suppose 3*w - h*s = 66, 0 = 3*w - s - 10 - 52. Suppose 0 = -f + 9 + w. Calculate the remainder when f is divided by 15.
14
Suppose n = -5*u + 123, -5*u + 2*n + n = -111. What is the remainder when u is divided by 7?
3
What is the remainder when 57 is divided by (62/(-10))/((-2)/10)?
26
Let t(r) = r + 1 - r + 34*r**2 + 2*r. Let o be t(-1). Suppose o = 3*k - 0*k. What is the remainder when 32 is divided by k?
10
Suppose -y - 5*d = -4*d - 5, -4*d + 10 = -y. Suppose -4*a + 150 - y = 0. Let u(k) = 2*k**2 + 2*k - 2. What is the remainder when a is divided by u(2)?
7
Let h = -15 - -19. Calculate the remainder when 240/h - 0/1 is divided by 21.
18
Let s = 10 - 6. Suppose -5*n + 99 = 2*r, -3*n = -s*n + 5. Calculate the remainder when r is divided by 10.
7
Let h = -7 - -23. What is the remainder when 62 is divided by h?
14
Suppose 4*g = g. Suppose g = 2*p + 6, 4*p + 3 = -2*b - b. Calculate the remainder when 17 is divided by b.
2
Let o = 12 + 4. Let j(u) = u**3 + 6*u**2 - 5*u. What is the remainder when j(-6) is divided by o?
14
Suppose 3*a - 8 = 2*a. Calculate the remainder when a is divided by 3.
2
Suppose -r = -0*r - 6. Suppose 0 = z - 0*z - r. What is the remainder when 11 is divided by z?
5
Let b(t) = t + 8. Let x be b(-5). Suppose -x*v + 2*a = 4*a - 128, 0 = 5*v - a - 209. Suppose -3*f + v = -0. Calculate the remainder when 26 is divided by f.
12
Suppose -5*u - 3 = -23. Suppose 0 = 3*m - 30 - 0. What is the remainder when m is divided by u?
2
Let m(b) be the second derivative of -b**3/6 - b**2/2 + b. Let o be m(-1). Suppose u + u - 40 = o. Calculate the remainder when 58 is divided by u.
18
What is the remainder when 25 is divided by 1/((4/(-9))/(-4))?
7
Suppose 3*l = 2*l. Suppose 0 = -2*k - l + 2, -12 = -2*q - 4*k. Suppose q = 2*p - 42. Calculate the remainder when p is divided by 12.
11
Calculate the remainder when 22 is divided by (24/(-18))/((-1)/6).
6
Suppose -v + 16 = 3*v. Suppose 3 = -3*d, v*o + 4*d - 12 = -0*d. Suppose -3*f + 4*m = -14, 5*m - 32 = -4*f - 3. Calculate the remainder when f is divided by o.
2
Suppose 30 = 2*i - 2. Suppose g = -4*h + i, 3*h + 4 = 4*h - 2*g. Calculate the remainder when (-38)/(-4)*h/2 is divided by 5.
4
Calculate the remainder when 10 is divided by 0/(-4 + 2) - -3.
1
Suppose -7 = 3*k - 4. Let w(c) = c**3 - 9*c**2 - c + 10. Let y be w(9). What is the remainder when k*(y + -1*24) is divided by 12?
11
Suppose 2*h + 0*h = 266. Calculate the remainder when h is divided by 34.
31
Suppose -6*r + 11*r = 85. Let f = r + -11. What is the remainder when 17 is divided by f?
5
Let y(p) = -7 - 4 - p**2 - 79*p + 68*p. Calculate the remainder when 19 is divided by y(-9).
5
Calculate the remainder when ((-40)/14)/(36/(-126)) is divided by 6.
4
Let f(u) = -24*u - 1. Calculate the remainder when f(-1) is divided by 8.
7
Suppose 2*k + 0*k = -360. What is the remainder when 50 is divided by (-7)/(-49) + k/(-14)?
11
Calculate the remainder when 19 is divided by 2 + 2/(4/10).
5
Let l be ((-20)/16)/(2/(-8)). Suppose -m + 92 + 38 = 3*j, 3*m = -3*j + 126. Suppose o - l*o = -j. Calculate the remainder when o is divided by 4.
3
What is the remainder when ((-1)/2 - (-1)/2) + 36 is divided by 13?
10
Let c(m) = m**3 - 6*m**2 - 6*m - 5. What is the remainder when c(7) is divided by 2?
0
Suppose -3*d - 3 = -4*d. Suppose -14 = -d*i - 5. Suppose 5*b + i*x + x = 50, 0 = -2*x. 